{"id":16,"date":"2015-10-22T16:53:55","date_gmt":"2015-10-22T14:53:55","guid":{"rendered":"http:\/\/raschmidl.de\/?page_id=16"},"modified":"2020-04-05T13:56:29","modified_gmt":"2020-04-05T11:56:29","slug":"verkehrsstrafrecht","status":"publish","type":"page","link":"https:\/\/raschmidl.de\/index.php\/verkehrsstrafrecht\/","title":{"rendered":"Verkehrsstrafrecht"},"content":{"rendered":"<p style=\"text-align: left;\" align=\"center\"><span style=\"font-family: Times New Roman,serif;\"><span style=\"font-size: medium;\"><b>Verteidigung im Verkehrsstrafrecht ist wichtig!<\/b><\/span><\/span><\/p>\n<p align=\"justify\"><span style=\"font-family: Times New Roman,serif;\"><span style=\"font-size: medium;\">Die Klassiker im Verkehrsstrafrecht sind nat\u00fcrlich die Fahrerflucht, die Trunkenheit im Verkehr, die Stra\u00dfenverkehrsgef\u00e4hrdung, sowie Fahren ohne Fahrerlaubnis. <\/span><\/span><\/p>\n<p align=\"justify\"><span style=\"font-family: Times New Roman,serif;\"><span style=\"font-size: medium;\">Diese Verfahren sind die t\u00e4gliche Praxis der Strafjustiz. Wer sich hier schlicht passiv verh\u00e4lt, darf sich \u00fcber eine Standardverurteilung nicht wundern. Die meisten Staatsanwaltschaften und Gerichte haben aufgrund der hohen Fallzahlen in diesem Bereich Richtlinien aufgestellt, um dem \u201eGleichheitssatz\u201c gerecht zu werden. Auch die genauere Pr\u00fcfung der Einzelf\u00e4lle unterbleibt oftmals. So werden beispielsweise Gutachten, zur Frage der Wahrnehmbarkeit des Unfallgeschehens bei der Unfallflucht, meist nicht von Amts wegen eingeholt. <\/span><\/span><\/p>\n<p align=\"justify\"><span style=\"font-family: Times New Roman,serif;\"><span style=\"font-size: medium;\">Ich bin neben dem Fachanwalt f\u00fcr Verkehrsrecht und f\u00fcr Verwaltungsrecht seit \u00fcber 20 Jahren Fachanwalt f\u00fcr Strafrecht und habe meine Mandanten bis hin zu m\u00fcndlichen Verhandlungen vor dem Bundesgerichtshof verteidigt, Verfassungsbeschwerden eingelegt oder auch Verfahren vor dem europ\u00e4ischen Gerichtshof gef\u00fchrt. Ich betrachte Verteidigung nicht als Prozessbegleitung, sondern k\u00e4mpfe aktiv f\u00fcr die Rechte meiner Mandanten. <\/span><\/span><\/p>\n<p align=\"justify\"><span style=\"font-family: Times New Roman,serif;\"><span style=\"font-size: medium;\">Gerade im Verkehrsstrafrecht hat sich herausgestellt, dass viele Verfahren bei aktiver Verteidigert\u00e4tigkeit bereits vor der Er\u00f6ffnung des Hauptverfahrens eingestellt werden k\u00f6nnen. <\/span><\/span><\/p>\n<p align=\"justify\"><span style=\"font-family: Times New Roman,serif;\"><span style=\"font-size: medium;\">Insbesondere k\u00f6nnen bei Heranwachsenden, die nach dem Jugendgerichtsgesetz zu behandeln sind, Einstellungen im Rahmen einer Hauptverhandlung prozessual vereinfacht erfolgen. <\/span><\/span><\/p>\n<p align=\"justify\"><a name=\"_GoBack\"><\/a> <span style=\"font-family: Times New Roman,serif;\"><span style=\"font-size: medium;\">Dar\u00fcber hinaus ist es gerade im Verkehrsstrafrecht wichtig, auch bei einer Verurteilung die sp\u00e4teren verwaltungsrechtlichen Folgen im Rahmen der Wiedererteilung der Fahrerlaubnis im Auge zu haben. Hier besteht zum Teil eine Bindungswirkung f\u00fcr die Verwaltungsbeh\u00f6rden an die Formulierung des Strafurteils, so dass auch eine sp\u00e4tere MPU-Anordnung umgangen werden kann. <\/span><\/span><\/p>\n<p align=\"justify\"><span style=\"font-family: Times New Roman,serif;\"><span style=\"font-size: medium;\">Das Verkehrsstrafrecht hat von daher besondere Anforderungen, denen es gerecht zu werden gilt. Hierf\u00fcr stehe ich Ihnen gerne zur Verf\u00fcgung. <\/span><\/span><\/p>\n","protected":false},"excerpt":{"rendered":"<p>Verteidigung im Verkehrsstrafrecht ist wichtig! Die Klassiker im Verkehrsstrafrecht sind nat\u00fcrlich die Fahrerflucht, die Trunkenheit im Verkehr, die Stra\u00dfenverkehrsgef\u00e4hrdung, sowie Fahren ohne Fahrerlaubnis. Diese Verfahren sind die t\u00e4gliche Praxis der Strafjustiz. Wer sich hier schlicht passiv verh\u00e4lt, darf sich \u00fcber eine Standardverurteilung nicht wundern. Die meisten Staatsanwaltschaften und Gerichte haben aufgrund der hohen Fallzahlen in &hellip; <a href=\"https:\/\/raschmidl.de\/index.php\/verkehrsstrafrecht\/\" class=\"more-link\"><span class=\"screen-reader-text\">Verkehrsstrafrecht<\/span> weiterlesen <span class=\"meta-nav\">&rarr;<\/span><\/a><\/p>\n","protected":false},"author":1,"featured_media":0,"parent":0,"menu_order":0,"comment_status":"closed","ping_status":"closed","template":"","meta":{"footnotes":""},"_links":{"self":[{"href":"https:\/\/raschmidl.de\/index.php\/wp-json\/wp\/v2\/pages\/16"}],"collection":[{"href":"https:\/\/raschmidl.de\/index.php\/wp-json\/wp\/v2\/pages"}],"about":[{"href":"https:\/\/raschmidl.de\/index.php\/wp-json\/wp\/v2\/types\/page"}],"author":[{"embeddable":true,"href":"https:\/\/raschmidl.de\/index.php\/wp-json\/wp\/v2\/users\/1"}],"replies":[{"embeddable":true,"href":"https:\/\/raschmidl.de\/index.php\/wp-json\/wp\/v2\/comments?post=16"}],"version-history":[{"count":5,"href":"https:\/\/raschmidl.de\/index.php\/wp-json\/wp\/v2\/pages\/16\/revisions"}],"predecessor-version":[{"id":138,"href":"https:\/\/raschmidl.de\/index.php\/wp-json\/wp\/v2\/pages\/16\/revisions\/138"}],"wp:attachment":[{"href":"https:\/\/raschmidl.de\/index.php\/wp-json\/wp\/v2\/media?parent=16"}],"curies":[{"name":"wp","href":"https:\/\/api.w.org\/{rel}","templated":true}]}}