{"id":12,"date":"2015-10-22T16:53:33","date_gmt":"2015-10-22T14:53:33","guid":{"rendered":"http:\/\/raschmidl.de\/?page_id=12"},"modified":"2015-10-28T09:56:36","modified_gmt":"2015-10-28T08:56:36","slug":"ordnungswidrigkeit","status":"publish","type":"page","link":"https:\/\/raschmidl.de\/index.php\/ordnungswidrigkeit\/","title":{"rendered":"Ordnungswidrigkeit"},"content":{"rendered":"<p style=\"text-align: left;\" align=\"center\"><span style=\"font-family: Times New Roman,serif;\"><span style=\"font-size: medium;\"><b>80 Prozent aller Bu\u00dfgeldbescheide fehlerhaft<\/b><\/span><\/span><\/p>\n<p align=\"justify\"><span style=\"font-family: Times New Roman,serif;\"><span style=\"font-size: medium;\">Nach der Studie der Verkehrs-Unfall-Technik Sachverst\u00e4ndigengesellschaft VUT sind 80 Prozent aller Bu\u00dfgeldbescheide fehlerhaft. <\/span><\/span><\/p>\n<p align=\"justify\"><span style=\"font-family: Times New Roman,serif;\"><span style=\"font-size: medium;\">Es kann sich daher durchaus lohnen einen Bu\u00dfgeldbescheid rechtlich \u00fcberpr\u00fcfen zu lassen. Liegen relevante Fehler, etwa im Bereich des Messger\u00e4teaufbaus oder gar eine Fahrzeugverwechslung vor, sollte ein Einspruch gegen den Bu\u00dfgeldbescheid auch von Erfolg gekr\u00f6nt sein.<\/span><\/span><\/p>\n<p align=\"justify\"><span style=\"font-family: Times New Roman,serif;\"><span style=\"font-size: medium;\">In einem gerichtlichen Verfahren k\u00f6nnen zudem auch zutreffende Bu\u00dfgeldbescheide zu Gunsten der Betroffenen abgemildert werden. So ist es dem Gericht bei Darlegung von gewichtigen Umst\u00e4nden m\u00f6glich, von dem eigentlich zu verh\u00e4ngenden Fahrverbot abzusehen, oder eine geringere Geldbu\u00dfe auszusprechen. <\/span><\/span><\/p>\n<p align=\"justify\"><span style=\"font-family: Times New Roman,serif;\"><span style=\"font-size: medium;\">Wenn der Bu\u00dfgeldbescheid wegen des Ausspruchs eines Fahrverbots existenzbedrohend ist, Sie nicht der Fahrer waren, oder Sie der Meinung sind, keinen Geschwindigkeitsversto\u00df in der im Bu\u00dfgeldbescheid mitgeteilten Gr\u00f6\u00dfenordnung begangen zu haben, sollten Sie den Bu\u00dfgeldbescheid rechtlich \u00fcberpr\u00fcfen lassen. <\/span><\/span><\/p>\n","protected":false},"excerpt":{"rendered":"<p>80 Prozent aller Bu\u00dfgeldbescheide fehlerhaft Nach der Studie der Verkehrs-Unfall-Technik Sachverst\u00e4ndigengesellschaft VUT sind 80 Prozent aller Bu\u00dfgeldbescheide fehlerhaft. Es kann sich daher durchaus lohnen einen Bu\u00dfgeldbescheid rechtlich \u00fcberpr\u00fcfen zu lassen. Liegen relevante Fehler, etwa im Bereich des Messger\u00e4teaufbaus oder gar eine Fahrzeugverwechslung vor, sollte ein Einspruch gegen den Bu\u00dfgeldbescheid auch von Erfolg gekr\u00f6nt sein. In &hellip; <a href=\"https:\/\/raschmidl.de\/index.php\/ordnungswidrigkeit\/\" class=\"more-link\"><span class=\"screen-reader-text\">Ordnungswidrigkeit<\/span> weiterlesen <span class=\"meta-nav\">&rarr;<\/span><\/a><\/p>\n","protected":false},"author":1,"featured_media":0,"parent":0,"menu_order":0,"comment_status":"closed","ping_status":"closed","template":"","meta":{"footnotes":""},"_links":{"self":[{"href":"https:\/\/raschmidl.de\/index.php\/wp-json\/wp\/v2\/pages\/12"}],"collection":[{"href":"https:\/\/raschmidl.de\/index.php\/wp-json\/wp\/v2\/pages"}],"about":[{"href":"https:\/\/raschmidl.de\/index.php\/wp-json\/wp\/v2\/types\/page"}],"author":[{"embeddable":true,"href":"https:\/\/raschmidl.de\/index.php\/wp-json\/wp\/v2\/users\/1"}],"replies":[{"embeddable":true,"href":"https:\/\/raschmidl.de\/index.php\/wp-json\/wp\/v2\/comments?post=12"}],"version-history":[{"count":4,"href":"https:\/\/raschmidl.de\/index.php\/wp-json\/wp\/v2\/pages\/12\/revisions"}],"predecessor-version":[{"id":62,"href":"https:\/\/raschmidl.de\/index.php\/wp-json\/wp\/v2\/pages\/12\/revisions\/62"}],"wp:attachment":[{"href":"https:\/\/raschmidl.de\/index.php\/wp-json\/wp\/v2\/media?parent=12"}],"curies":[{"name":"wp","href":"https:\/\/api.w.org\/{rel}","templated":true}]}}